{"id":733,"date":"2025-02-22T14:16:07","date_gmt":"2025-02-22T13:16:07","guid":{"rendered":"https:\/\/acelproductions.com\/?page_id=733"},"modified":"2025-10-26T18:49:10","modified_gmt":"2025-10-26T17:49:10","slug":"fee-aaij-songs-from-the-joker","status":"publish","type":"page","link":"https:\/\/acelproductions.com\/index.php\/fee-aaij-songs-from-the-joker\/","title":{"rendered":"Fee Aaij : songs from the Joker"},"content":{"rendered":"\n<p>au Th\u00e9\u00e2tre de l&rsquo;Ile St Louis &#8211; Paul Rey le 8 f\u00e9vrier 2025<\/p>\n\n\n\n<figure class=\"wp-block-gallery has-nested-images columns-default is-cropped wp-block-gallery-1 is-layout-flex wp-block-gallery-is-layout-flex\">\n<figure class=\"wp-block-image size-large\"><img loading=\"lazy\" decoding=\"async\" width=\"576\" height=\"1024\" data-id=\"739\" src=\"https:\/\/acelproductions.com\/wp-content\/uploads\/2025\/02\/WhatsApp-Image-2025-02-08-at-23.19.49-1-576x1024.jpeg\" alt=\"\" class=\"wp-image-739\" srcset=\"https:\/\/acelproductions.com\/wp-content\/uploads\/2025\/02\/WhatsApp-Image-2025-02-08-at-23.19.49-1-576x1024.jpeg 576w, https:\/\/acelproductions.com\/wp-content\/uploads\/2025\/02\/WhatsApp-Image-2025-02-08-at-23.19.49-1-169x300.jpeg 169w, https:\/\/acelproductions.com\/wp-content\/uploads\/2025\/02\/WhatsApp-Image-2025-02-08-at-23.19.49-1-768x1365.jpeg 768w, https:\/\/acelproductions.com\/wp-content\/uploads\/2025\/02\/WhatsApp-Image-2025-02-08-at-23.19.49-1-864x1536.jpeg 864w, https:\/\/acelproductions.com\/wp-content\/uploads\/2025\/02\/WhatsApp-Image-2025-02-08-at-23.19.49-1.jpeg 1152w\" sizes=\"auto, (max-width: 576px) 100vw, 576px\" \/><\/figure>\n\n\n\n<figure class=\"wp-block-image size-large\"><img loading=\"lazy\" decoding=\"async\" width=\"576\" height=\"1024\" data-id=\"735\" src=\"https:\/\/acelproductions.com\/wp-content\/uploads\/2025\/02\/WhatsApp-Image-2025-02-08-at-23.19.50-1-576x1024.jpeg\" alt=\"\" class=\"wp-image-735\" srcset=\"https:\/\/acelproductions.com\/wp-content\/uploads\/2025\/02\/WhatsApp-Image-2025-02-08-at-23.19.50-1-576x1024.jpeg 576w, https:\/\/acelproductions.com\/wp-content\/uploads\/2025\/02\/WhatsApp-Image-2025-02-08-at-23.19.50-1-169x300.jpeg 169w, https:\/\/acelproductions.com\/wp-content\/uploads\/2025\/02\/WhatsApp-Image-2025-02-08-at-23.19.50-1-768x1365.jpeg 768w, https:\/\/acelproductions.com\/wp-content\/uploads\/2025\/02\/WhatsApp-Image-2025-02-08-at-23.19.50-1-864x1536.jpeg 864w, https:\/\/acelproductions.com\/wp-content\/uploads\/2025\/02\/WhatsApp-Image-2025-02-08-at-23.19.50-1.jpeg 1152w\" sizes=\"auto, (max-width: 576px) 100vw, 576px\" \/><\/figure>\n\n\n\n<figure class=\"wp-block-image size-large\"><img loading=\"lazy\" decoding=\"async\" width=\"576\" height=\"1024\" data-id=\"737\" src=\"https:\/\/acelproductions.com\/wp-content\/uploads\/2025\/02\/WhatsApp-Image-2025-02-08-at-23.19.50-2-576x1024.jpeg\" alt=\"\" class=\"wp-image-737\" srcset=\"https:\/\/acelproductions.com\/wp-content\/uploads\/2025\/02\/WhatsApp-Image-2025-02-08-at-23.19.50-2-576x1024.jpeg 576w, https:\/\/acelproductions.com\/wp-content\/uploads\/2025\/02\/WhatsApp-Image-2025-02-08-at-23.19.50-2-169x300.jpeg 169w, https:\/\/acelproductions.com\/wp-content\/uploads\/2025\/02\/WhatsApp-Image-2025-02-08-at-23.19.50-2-768x1365.jpeg 768w, https:\/\/acelproductions.com\/wp-content\/uploads\/2025\/02\/WhatsApp-Image-2025-02-08-at-23.19.50-2-864x1536.jpeg 864w, https:\/\/acelproductions.com\/wp-content\/uploads\/2025\/02\/WhatsApp-Image-2025-02-08-at-23.19.50-2.jpeg 1152w\" sizes=\"auto, (max-width: 576px) 100vw, 576px\" \/><\/figure>\n\n\n\n<figure class=\"wp-block-image size-large\"><img loading=\"lazy\" decoding=\"async\" width=\"1024\" height=\"576\" data-id=\"736\" src=\"https:\/\/acelproductions.com\/wp-content\/uploads\/2025\/02\/WhatsApp-Image-2025-02-08-at-23.19.51-1-1024x576.jpeg\" alt=\"\" class=\"wp-image-736\" srcset=\"https:\/\/acelproductions.com\/wp-content\/uploads\/2025\/02\/WhatsApp-Image-2025-02-08-at-23.19.51-1-1024x576.jpeg 1024w, https:\/\/acelproductions.com\/wp-content\/uploads\/2025\/02\/WhatsApp-Image-2025-02-08-at-23.19.51-1-300x169.jpeg 300w, https:\/\/acelproductions.com\/wp-content\/uploads\/2025\/02\/WhatsApp-Image-2025-02-08-at-23.19.51-1-768x432.jpeg 768w, https:\/\/acelproductions.com\/wp-content\/uploads\/2025\/02\/WhatsApp-Image-2025-02-08-at-23.19.51-1-1536x864.jpeg 1536w, https:\/\/acelproductions.com\/wp-content\/uploads\/2025\/02\/WhatsApp-Image-2025-02-08-at-23.19.51-1.jpeg 2048w\" sizes=\"auto, (max-width: 1024px) 100vw, 1024px\" \/><\/figure>\n<\/figure>\n\n\n\n<p class=\"has-text-align-center\"><a href=\"https:\/\/feeaaij.com\/\" target=\"_blank\" rel=\"noreferrer noopener\"><strong>Lien vers le site de Fee Aaij<\/strong><\/a><\/p>\n\n\n\n<figure class=\"wp-block-gallery has-nested-images columns-default is-cropped wp-block-gallery-2 is-layout-flex wp-block-gallery-is-layout-flex\">\n<figure class=\"wp-block-image size-large\"><img loading=\"lazy\" decoding=\"async\" width=\"1024\" height=\"768\" data-id=\"738\" src=\"https:\/\/acelproductions.com\/wp-content\/uploads\/2025\/02\/WhatsApp-Image-2025-02-08-at-23.23.15-3-1024x768.jpeg\" alt=\"\" class=\"wp-image-738\" srcset=\"https:\/\/acelproductions.com\/wp-content\/uploads\/2025\/02\/WhatsApp-Image-2025-02-08-at-23.23.15-3-1024x768.jpeg 1024w, https:\/\/acelproductions.com\/wp-content\/uploads\/2025\/02\/WhatsApp-Image-2025-02-08-at-23.23.15-3-300x225.jpeg 300w, https:\/\/acelproductions.com\/wp-content\/uploads\/2025\/02\/WhatsApp-Image-2025-02-08-at-23.23.15-3-768x576.jpeg 768w, https:\/\/acelproductions.com\/wp-content\/uploads\/2025\/02\/WhatsApp-Image-2025-02-08-at-23.23.15-3-1536x1152.jpeg 1536w, https:\/\/acelproductions.com\/wp-content\/uploads\/2025\/02\/WhatsApp-Image-2025-02-08-at-23.23.15-3.jpeg 1600w\" sizes=\"auto, (max-width: 1024px) 100vw, 1024px\" \/><\/figure>\n\n\n\n<figure class=\"wp-block-image size-large\"><img loading=\"lazy\" decoding=\"async\" width=\"576\" height=\"1024\" data-id=\"737\" src=\"https:\/\/acelproductions.com\/wp-content\/uploads\/2025\/02\/WhatsApp-Image-2025-02-08-at-23.19.50-2-576x1024.jpeg\" alt=\"\" class=\"wp-image-737\" srcset=\"https:\/\/acelproductions.com\/wp-content\/uploads\/2025\/02\/WhatsApp-Image-2025-02-08-at-23.19.50-2-576x1024.jpeg 576w, https:\/\/acelproductions.com\/wp-content\/uploads\/2025\/02\/WhatsApp-Image-2025-02-08-at-23.19.50-2-169x300.jpeg 169w, https:\/\/acelproductions.com\/wp-content\/uploads\/2025\/02\/WhatsApp-Image-2025-02-08-at-23.19.50-2-768x1365.jpeg 768w, https:\/\/acelproductions.com\/wp-content\/uploads\/2025\/02\/WhatsApp-Image-2025-02-08-at-23.19.50-2-864x1536.jpeg 864w, https:\/\/acelproductions.com\/wp-content\/uploads\/2025\/02\/WhatsApp-Image-2025-02-08-at-23.19.50-2.jpeg 1152w\" sizes=\"auto, (max-width: 576px) 100vw, 576px\" \/><\/figure>\n<\/figure>\n","protected":false},"excerpt":{"rendered":"<p>au Th\u00e9\u00e2tre de l&rsquo;Ile St Louis &#8211; Paul Rey le 8 f\u00e9vrier 2025 Lien vers le site de Fee Aaij<\/p>\n","protected":false},"author":1,"featured_media":0,"parent":0,"menu_order":0,"comment_status":"closed","ping_status":"closed","template":"","meta":{"footnotes":""},"class_list":["post-733","page","type-page","status-publish","hentry"],"_links":{"self":[{"href":"https:\/\/acelproductions.com\/index.php\/wp-json\/wp\/v2\/pages\/733","targetHints":{"allow":["GET"]}}],"collection":[{"href":"https:\/\/acelproductions.com\/index.php\/wp-json\/wp\/v2\/pages"}],"about":[{"href":"https:\/\/acelproductions.com\/index.php\/wp-json\/wp\/v2\/types\/page"}],"author":[{"embeddable":true,"href":"https:\/\/acelproductions.com\/index.php\/wp-json\/wp\/v2\/users\/1"}],"replies":[{"embeddable":true,"href":"https:\/\/acelproductions.com\/index.php\/wp-json\/wp\/v2\/comments?post=733"}],"version-history":[{"count":3,"href":"https:\/\/acelproductions.com\/index.php\/wp-json\/wp\/v2\/pages\/733\/revisions"}],"predecessor-version":[{"id":1088,"href":"https:\/\/acelproductions.com\/index.php\/wp-json\/wp\/v2\/pages\/733\/revisions\/1088"}],"wp:attachment":[{"href":"https:\/\/acelproductions.com\/index.php\/wp-json\/wp\/v2\/media?parent=733"}],"curies":[{"name":"wp","href":"https:\/\/api.w.org\/{rel}","templated":true}]}}