{"id":1017,"date":"2025-09-14T20:04:11","date_gmt":"2025-09-14T18:04:11","guid":{"rendered":"https:\/\/acelproductions.com\/?page_id=1017"},"modified":"2025-11-09T11:57:44","modified_gmt":"2025-11-09T10:57:44","slug":"ad-vitam-au-theatre-aleph-le-21-fevrier-2025","status":"publish","type":"page","link":"https:\/\/acelproductions.com\/index.php\/ad-vitam-au-theatre-aleph-le-21-fevrier-2025\/","title":{"rendered":"Ad Vitam au Th\u00e9\u00e2tre Aleph le 21 f\u00e9vrier 2025"},"content":{"rendered":"\n<p>Invit\u00e9 Thierry Payssan<\/p>\n\n\n\n<figure class=\"wp-block-gallery has-nested-images columns-default is-cropped wp-block-gallery-1 is-layout-flex wp-block-gallery-is-layout-flex\">\n<figure class=\"wp-block-image size-large\"><img loading=\"lazy\" decoding=\"async\" width=\"576\" height=\"1024\" data-id=\"1018\" src=\"https:\/\/acelproductions.com\/wp-content\/uploads\/2025\/09\/IMG-20250222-WA0033-576x1024.jpg\" alt=\"\" class=\"wp-image-1018\" srcset=\"https:\/\/acelproductions.com\/wp-content\/uploads\/2025\/09\/IMG-20250222-WA0033-576x1024.jpg 576w, https:\/\/acelproductions.com\/wp-content\/uploads\/2025\/09\/IMG-20250222-WA0033-169x300.jpg 169w, https:\/\/acelproductions.com\/wp-content\/uploads\/2025\/09\/IMG-20250222-WA0033-768x1365.jpg 768w, https:\/\/acelproductions.com\/wp-content\/uploads\/2025\/09\/IMG-20250222-WA0033-864x1536.jpg 864w, https:\/\/acelproductions.com\/wp-content\/uploads\/2025\/09\/IMG-20250222-WA0033.jpg 1152w\" sizes=\"auto, (max-width: 576px) 100vw, 576px\" \/><\/figure>\n\n\n\n<figure class=\"wp-block-image size-large\"><img loading=\"lazy\" decoding=\"async\" width=\"576\" height=\"1024\" data-id=\"1019\" src=\"https:\/\/acelproductions.com\/wp-content\/uploads\/2025\/09\/IMG-20250222-WA0030-576x1024.jpg\" alt=\"\" class=\"wp-image-1019\" srcset=\"https:\/\/acelproductions.com\/wp-content\/uploads\/2025\/09\/IMG-20250222-WA0030-576x1024.jpg 576w, https:\/\/acelproductions.com\/wp-content\/uploads\/2025\/09\/IMG-20250222-WA0030-169x300.jpg 169w, https:\/\/acelproductions.com\/wp-content\/uploads\/2025\/09\/IMG-20250222-WA0030-768x1365.jpg 768w, https:\/\/acelproductions.com\/wp-content\/uploads\/2025\/09\/IMG-20250222-WA0030-864x1536.jpg 864w, https:\/\/acelproductions.com\/wp-content\/uploads\/2025\/09\/IMG-20250222-WA0030.jpg 1152w\" sizes=\"auto, (max-width: 576px) 100vw, 576px\" \/><\/figure>\n<\/figure>\n\n\n\n<p><a href=\"https:\/\/acelproductions.com\/artist_ad vitam.html\">Ad Vitam<\/a> : Isabelle Modica &#8211; Jad Ayache<\/p>\n\n\n\n<figure class=\"wp-block-gallery has-nested-images columns-default is-cropped wp-block-gallery-2 is-layout-flex wp-block-gallery-is-layout-flex\">\n<figure class=\"wp-block-image size-large\"><img loading=\"lazy\" decoding=\"async\" width=\"1024\" height=\"576\" data-id=\"1020\" src=\"https:\/\/acelproductions.com\/wp-content\/uploads\/2025\/09\/IMG-20250222-WA0020-1024x576.jpg\" alt=\"\" class=\"wp-image-1020\" srcset=\"https:\/\/acelproductions.com\/wp-content\/uploads\/2025\/09\/IMG-20250222-WA0020-1024x576.jpg 1024w, https:\/\/acelproductions.com\/wp-content\/uploads\/2025\/09\/IMG-20250222-WA0020-300x169.jpg 300w, https:\/\/acelproductions.com\/wp-content\/uploads\/2025\/09\/IMG-20250222-WA0020-768x432.jpg 768w, https:\/\/acelproductions.com\/wp-content\/uploads\/2025\/09\/IMG-20250222-WA0020-1536x864.jpg 1536w, https:\/\/acelproductions.com\/wp-content\/uploads\/2025\/09\/IMG-20250222-WA0020.jpg 2048w\" sizes=\"auto, (max-width: 1024px) 100vw, 1024px\" \/><\/figure>\n<\/figure>\n\n\n\n<figure class=\"wp-block-gallery has-nested-images columns-default is-cropped wp-block-gallery-3 is-layout-flex wp-block-gallery-is-layout-flex\">\n<figure class=\"wp-block-image size-large\"><img loading=\"lazy\" decoding=\"async\" width=\"1024\" height=\"768\" data-id=\"1021\" src=\"https:\/\/acelproductions.com\/wp-content\/uploads\/2025\/09\/signal-2025-02-22-091848_003-1024x768.jpeg\" alt=\"\" class=\"wp-image-1021\" srcset=\"https:\/\/acelproductions.com\/wp-content\/uploads\/2025\/09\/signal-2025-02-22-091848_003-1024x768.jpeg 1024w, https:\/\/acelproductions.com\/wp-content\/uploads\/2025\/09\/signal-2025-02-22-091848_003-300x225.jpeg 300w, https:\/\/acelproductions.com\/wp-content\/uploads\/2025\/09\/signal-2025-02-22-091848_003-768x576.jpeg 768w, https:\/\/acelproductions.com\/wp-content\/uploads\/2025\/09\/signal-2025-02-22-091848_003-1536x1152.jpeg 1536w, https:\/\/acelproductions.com\/wp-content\/uploads\/2025\/09\/signal-2025-02-22-091848_003.jpeg 1600w\" sizes=\"auto, (max-width: 1024px) 100vw, 1024px\" \/><\/figure>\n<\/figure>\n\n\n\n<p><\/p>\n","protected":false},"excerpt":{"rendered":"<p>Invit\u00e9 Thierry Payssan Ad Vitam : Isabelle Modica &#8211; Jad Ayache<\/p>\n","protected":false},"author":1,"featured_media":0,"parent":0,"menu_order":0,"comment_status":"closed","ping_status":"closed","template":"","meta":{"footnotes":""},"class_list":["post-1017","page","type-page","status-publish","hentry"],"_links":{"self":[{"href":"https:\/\/acelproductions.com\/index.php\/wp-json\/wp\/v2\/pages\/1017","targetHints":{"allow":["GET"]}}],"collection":[{"href":"https:\/\/acelproductions.com\/index.php\/wp-json\/wp\/v2\/pages"}],"about":[{"href":"https:\/\/acelproductions.com\/index.php\/wp-json\/wp\/v2\/types\/page"}],"author":[{"embeddable":true,"href":"https:\/\/acelproductions.com\/index.php\/wp-json\/wp\/v2\/users\/1"}],"replies":[{"embeddable":true,"href":"https:\/\/acelproductions.com\/index.php\/wp-json\/wp\/v2\/comments?post=1017"}],"version-history":[{"count":2,"href":"https:\/\/acelproductions.com\/index.php\/wp-json\/wp\/v2\/pages\/1017\/revisions"}],"predecessor-version":[{"id":1108,"href":"https:\/\/acelproductions.com\/index.php\/wp-json\/wp\/v2\/pages\/1017\/revisions\/1108"}],"wp:attachment":[{"href":"https:\/\/acelproductions.com\/index.php\/wp-json\/wp\/v2\/media?parent=1017"}],"curies":[{"name":"wp","href":"https:\/\/api.w.org\/{rel}","templated":true}]}}

Ad Vitam au Théâtre Aleph le 21 février 2025

<p>Invité Thierry Payssan</p>



<figure class="wp-block-gallery has-nested-images columns-default is-cropped wp-block-gallery-1 is-layout-flex wp-block-gallery-is-layout-flex">
<figure class="wp-block-image size-large"><img loading="lazy" decoding="async" width="576" height="1024" data-id="1018" src="https://acelproductions.com/wp-content/uploads/2025/09/IMG-20250222-WA0033-576x1024.jpg" alt="" class="wp-image-1018" srcset="https://acelproductions.com/wp-content/uploads/2025/09/IMG-20250222-WA0033-576x1024.jpg 576w, https://acelproductions.com/wp-content/uploads/2025/09/IMG-20250222-WA0033-169x300.jpg 169w, https://acelproductions.com/wp-content/uploads/2025/09/IMG-20250222-WA0033-768x1365.jpg 768w, https://acelproductions.com/wp-content/uploads/2025/09/IMG-20250222-WA0033-864x1536.jpg 864w, https://acelproductions.com/wp-content/uploads/2025/09/IMG-20250222-WA0033.jpg 1152w" sizes="auto, (max-width: 576px) 100vw, 576px" /></figure>



<figure class="wp-block-image size-large"><img loading="lazy" decoding="async" width="576" height="1024" data-id="1019" src="https://acelproductions.com/wp-content/uploads/2025/09/IMG-20250222-WA0030-576x1024.jpg" alt="" class="wp-image-1019" srcset="https://acelproductions.com/wp-content/uploads/2025/09/IMG-20250222-WA0030-576x1024.jpg 576w, https://acelproductions.com/wp-content/uploads/2025/09/IMG-20250222-WA0030-169x300.jpg 169w, https://acelproductions.com/wp-content/uploads/2025/09/IMG-20250222-WA0030-768x1365.jpg 768w, https://acelproductions.com/wp-content/uploads/2025/09/IMG-20250222-WA0030-864x1536.jpg 864w, https://acelproductions.com/wp-content/uploads/2025/09/IMG-20250222-WA0030.jpg 1152w" sizes="auto, (max-width: 576px) 100vw, 576px" /></figure>
</figure>



<p><a href="https://acelproductions.com/artist_ad vitam.html">Ad Vitam</a> : Isabelle Modica &#8211; Jad Ayache</p>



<figure class="wp-block-gallery has-nested-images columns-default is-cropped wp-block-gallery-2 is-layout-flex wp-block-gallery-is-layout-flex">
<figure class="wp-block-image size-large"><img loading="lazy" decoding="async" width="1024" height="576" data-id="1020" src="https://acelproductions.com/wp-content/uploads/2025/09/IMG-20250222-WA0020-1024x576.jpg" alt="" class="wp-image-1020" srcset="https://acelproductions.com/wp-content/uploads/2025/09/IMG-20250222-WA0020-1024x576.jpg 1024w, https://acelproductions.com/wp-content/uploads/2025/09/IMG-20250222-WA0020-300x169.jpg 300w, https://acelproductions.com/wp-content/uploads/2025/09/IMG-20250222-WA0020-768x432.jpg 768w, https://acelproductions.com/wp-content/uploads/2025/09/IMG-20250222-WA0020-1536x864.jpg 1536w, https://acelproductions.com/wp-content/uploads/2025/09/IMG-20250222-WA0020.jpg 2048w" sizes="auto, (max-width: 1024px) 100vw, 1024px" /></figure>
</figure>



<figure class="wp-block-gallery has-nested-images columns-default is-cropped wp-block-gallery-3 is-layout-flex wp-block-gallery-is-layout-flex">
<figure class="wp-block-image size-large"><img loading="lazy" decoding="async" width="1024" height="768" data-id="1021" src="https://acelproductions.com/wp-content/uploads/2025/09/signal-2025-02-22-091848_003-1024x768.jpeg" alt="" class="wp-image-1021" srcset="https://acelproductions.com/wp-content/uploads/2025/09/signal-2025-02-22-091848_003-1024x768.jpeg 1024w, https://acelproductions.com/wp-content/uploads/2025/09/signal-2025-02-22-091848_003-300x225.jpeg 300w, https://acelproductions.com/wp-content/uploads/2025/09/signal-2025-02-22-091848_003-768x576.jpeg 768w, https://acelproductions.com/wp-content/uploads/2025/09/signal-2025-02-22-091848_003-1536x1152.jpeg 1536w, https://acelproductions.com/wp-content/uploads/2025/09/signal-2025-02-22-091848_003.jpeg 1600w" sizes="auto, (max-width: 1024px) 100vw, 1024px" /></figure>
</figure>



<p></p>

<p>Invité Thierry Payssan Ad Vitam : Isabelle Modica &#8211; Jad Ayache</p>
